 86 = 0, -2*s + 0*s - 178 = 2*o. Let l be (-14)/(-21) + 3/((-9)/o). Calculate the greatest common divisor of l and 48.
6
Suppose i = 5*b + 5*i + 132, 122 = -4*b + 5*i. Let a be b*(0/(-2) - 65/26). Calculate the highest common factor of a and 14.
14
Let z = 36 + -33. Suppose -3*a - 1 - 53 = -3*u, -3*a - 9 = 0. Calculate the highest common factor of z and u.
3
Suppose -i + 4*g = -54, -5*i + 6*g = 11*g - 195. Suppose -5*p + 118 = s + 34, -4*s + 336 = 5*p. Calculate the highest common factor of i and s.
42
Let h = 33009 + -30962. What is the greatest common factor of h and 178?
89
Suppose -97*s + 385*s - 532982 = 261322. What is the highest common divisor of s and 126?
14
Let t(f) be the second derivative of f**5/20 - 7*f**4/6 + 2*f**3 + 25*f**2/2 + 2*f - 30. Let r be t(13). What is the greatest common divisor of r and 36?
12
Let n = -626 - -902. Let k = n + -212. What is the highest common divisor of k and 128?
64
Suppose 16*o = 13*o - 4*n + 166, -5*o = 4*n - 274. Calculate the greatest common divisor of o and 2214.
54
Let n be (((-16)/(-20))/2)/((-5)/(-325)). Let c be 152/n - (-18)/117. Let d be (11 + 1)/(2 - 1). Calculate the greatest common divisor of c and d.
6
Let c(f) = 43*f**2 + 7*f - 8. Let n be c(2). Let d = n + -169. Calculate the highest common factor of d and 24.
3
Suppose 860*x + 58682 = 886*x. Calculate the greatest common factor of 444 and x.
37
Let w(r) = 6*r**2 - 5*r + 44. Let y be w(16). Suppose 4*o + 5*i = 7*o - 1151, 4*o + 2*i = y. What is the greatest common factor of o and 29?
29
Let k = -13069 + 17626. What is the highest common divisor of 245 and k?
49
Suppose -21 = -2*q - 3. Let i be ((300/q)/5)/((-4)/(-174)). Let w = i + -202. Calculate the highest common factor of 22 and w.
22
Suppose a - 762 = -3*l, 5*a = 5*l - 3*l - 491. Let u = 460 - 405. Suppose -u*z + 1146 + 119 = 0. Calculate the highest common divisor of l and z.
23
Let m be 16 + 42/(-7) - 1. Let y be 9/27 - 2/6. Suppose y*j = -4*j + 2*a + 330, 2*j = 3*a + 171. Calculate the highest common divisor of m and j.
9
Let g = 3863 + -3834. What is the highest common factor of g and 7192?
29
Let u(n) = 26*n - 1. Let r be u(1). Suppose -4*k + 57 = 41, 3*j - 213 = 3*k. What is the greatest common factor of j and r?
25
Let y be 174/(3 - 1)*21*(-28)/(-882). Calculate the highest common divisor of 899 and y.
29
Suppose -41*j - 49*j = -20*j - 10710. Calculate the greatest common divisor of j and 1292.
17
Suppose 5*u = -5*x - 0*x + 20, -13 = -4*u - 5*x. Let j be (3 - (-48)/u) + 4/28. Calculate the highest common divisor of 26 and j.
2
Suppose 9*m = 5*m + 2*a + 564, 0 = -3*m - 3*a + 441. What is the highest common divisor of 1133 and m?
11
Let o(n) = -76*n - 2735. Let q be o(-37). What is the greatest common divisor of q and 8162?
77
Suppose -4*g + 392 - 12 = 0. Let f be (2*3)/(-13 - -14). Let b be ((-76)/f)/((-6)/9). What is the highest common factor of b and g?
19
Let r be 2/3 - 4552/(-12). Suppose 108*s - 53*s - 33*s = 836. Calculate the highest common divisor of s and r.
38
Suppose -9*b - 15 + 174 + 129 = 0. Calculate the highest common factor of b and 472.
8
Let m = -1396 - -1435. Calculate the greatest common factor of 3341 and m.
13
Let o be (212 + 12)*(3 + -2). Calculate the highest common divisor of 512 and o.
32
Let j be (0 + (-2)/3)*(-1050)/28. Let m be ((-20)/j)/(2/(-10)) - 2. What is the greatest common factor of m and 2?
2
Suppose -12*d = -13*d + 12. Suppose -d + 30 = 6*y. Let b be (-8)/12 + 98/y. What is the greatest common divisor of b and 16?
16
Let h be (-3 + 27/6)/((-84)/(-56)). Let b = 24 - 16. Suppose 8*g + b = 10*g. What is the highest common divisor of h and g?
1
Suppose -1011 = -12*q + 32049. What is the highest common factor of q and 290?
145
Let d = 757 + 1051. Calculate the greatest common divisor of 32 and d.
16
Let a = -19 - -38. Suppose -5*x - 32 = -4*i, 7*x - 5*i + 35 = 2*x. Let b be a/4*(16 - x). Calculate the highest common factor of 38 and b.
19
Suppose -4*w = -3*w + 6. Let f(l) = 348 - 364 + 66*l - 71*l. Let s be f(w). Calculate the greatest common factor of 21 and s.
7
Suppose 129 = 14*a + 45. Let g be -1*((-24)/20)/(a/100). Let u be -3 - -4 - (-218 + -1). What is the highest common factor of u and g?
20
Let j = 3351 + -2658. Calculate the highest common divisor of 378 and j.
63
Let d = -3200 + 3890. Calculate the greatest common factor of d and 1173.
69
Suppose -204 = 15*t - 1262 - 1042. Calculate the greatest common factor of 640 and t.
20
Let h = -82 + 76. Let d be (h/12)/(2/20). Let p be (0 - d) + -2 + 9. Calculate the greatest common divisor of 12 and p.
12
Let i = 101 - 99. Suppose 100 = 4*t + t - i*g, -100 = -5*t - g. Suppose 2*r = -a + 40, -2*a - 5*r = -7*a + 275. What is the highest common divisor of t and a?
10
Let o(c) = 5*c**2 + 8*c - 2. Let i be o(-3). Let n = 942 - 809. Calculate the highest common divisor of n and i.
19
Let j = -485 - -473. Let s(u) = 4*u**2 - 12*u + 60. Let i be s(j). What is the highest common factor of i and 5?
5
Let a = -80 + 44. Let o = a - -58. Suppose -34 = -8*n + o. Calculate the highest common divisor of 7 and n.
7
Suppose 0 = -4*k + 11*k - 35. Suppose -3 = -k*a - 18, -3*a = -3*x + 123. Suppose -x*s = -40*s + 16. What is the highest common divisor of 32 and s?
8
Let v be 8 + 2/(1/(-1)). Let y be 6/28 - (-17 - (-2710)/(-28)). Calculate the highest common divisor of y and v.
6
Suppose -3877 = -4*v + m, 1602 + 1307 = 3*v - m. Let b = v - 922. What is the highest common divisor of 1058 and b?
46
Let c = 965 - 421. What is the greatest common factor of c and 160?
32
Let n(d) = -2*d**2 - 54*d - 44. Let p be n(-26). Let v = 84 + -44. What is the highest common divisor of v and p?
8
Let x(b) = b**2 - 3*b - 3. Suppose -9 = -2*n + 1. Let c be x(n). Let y(v) = 205*v - 3860. Let l be y(19). Calculate the greatest common divisor of c and l.
7
Suppose -449 = 115*b - 129*b + 139. Let x be 0 - (0 + -26 + -2). What is the greatest common factor of b and x?
14
Let y = -103 + 105. Suppose -5*i - 5*w = -0*w - 295, 3*i - 182 = -y*w. Calculate the greatest common factor of 20 and i.
4
Let r(a) = -a**2 + 7*a + 4. Let t = -19 - -32. Let f be (-14)/(-4)*(t + -11). Let y be r(f). What is the highest common factor of y and 14?
2
Let z(f) = 67*f**2 + 30*f - 72. Let l be z(4). What is the greatest common factor of l and 96?
32
Let a be (-1 - -3)/(9 + ((-4266)/267 - -7)). Let l = 41 + 118. Let b = l - a. Calculate the greatest common factor of 42 and b.
14
Suppose 132*q + 161 = 155*q. Calculate the highest common factor of 58 and q.
1
Let z(u) = 27*u + 23. Let t be z(-1). Let b be (t/3)/((-6)/504). Calculate the greatest common factor of b and 28.
28
Let q be ((-2193)/215)/(15/(-100)). What is the highest common factor of q and 76?
4
Suppose 0 = -4*s - 34 + 50. Let b be (17/3 + s)*39. What is the highest common divisor of 58 and b?
29
Suppose 0 = 6*i + 29*i + 69*i - 15288. Calculate the greatest common divisor of i and 4746.
21
Let x = -146 + 239. Suppose -4 = -t, -b + 4*b - x = 3*t. Calculate the highest common divisor of 21 and b.
7
Suppose -5*l - 35 = -h, 2*l = 2*h - 51 - 51. Suppose h*d = 61*d - 252. What is the highest common factor of 210 and d?
42
Let y be 30/18 + 8 - (-8)/6. Suppose 3*b + 213 = 642. What is the highest common factor of y and b?
11
Let l(s) = 84*s**3 + 5*s - 4. Suppose 18*i - 24 = -6. Let x be l(i). Let k be ((-42)/7 + 5)/((-2)/10). What is the highest common divisor of k and x?
5
Suppose -113*q + 2801452 = 7527. Calculate the highest common factor of 46 and q.
23
Let x(y) = 2*y**2 - 102*y + 2123. Let m be x(40). What is the greatest common divisor of m and 55?
11
Suppose 42*j - 32*j - 1660 = 0. Suppose 4 - j = -18*s. Suppose 2*o - 124 = 2*a, 7 = 2*o + 4*a - 123. What is the greatest common factor of s and o?
9
Let p be (-23 - 650/(-25)) + 13844. What is the highest common factor of p and 183?
61
Let m be 140/49*(40 + 2)/2. Suppose -2*u = -4*u + 12. Let o(p) = p**3 - 4*p**2 - 5*p - 6. Let k be o(u). What is the highest common factor of m and k?
12
Suppose -4*v = -4*z + 32, -2*z + 0*v = 3*v + 9. Suppose -27*p + 22*p = -360. Suppose 7*h - p = 33. Calculate the highest common divisor of z and h.
3
Let w(p) = p**3 - 3*p**2 - p + 2. Let y be w(4). Let h = -231 - -235. Let m(j) = 7*j + 14. Let f be m(h). Calcu